{"id":7,"date":"2015-11-03T17:19:35","date_gmt":"2015-11-03T16:19:35","guid":{"rendered":"http:\/\/chraejemusig.ch\/wordpress\/?page_id=7"},"modified":"2026-01-06T15:44:19","modified_gmt":"2026-01-06T14:44:19","slug":"test-2","status":"publish","type":"page","link":"https:\/\/chraejemusig.ch\/?page_id=7","title":{"rendered":"Vorstand"},"content":{"rendered":"\n<div class=\"wp-block-columns is-layout-flex wp-container-core-columns-is-layout-9d6595d7 wp-block-columns-is-layout-flex\">\n<div class=\"wp-block-column is-layout-flow wp-block-column-is-layout-flow\"><\/div>\n<\/div>\n\n\n\n<div class=\"wp-block-group\"><div class=\"wp-block-group__inner-container is-layout-constrained wp-block-group-is-layout-constrained\">\n<div class=\"wp-block-group is-layout-grid wp-container-core-group-is-layout-4d858cb8 wp-block-group-is-layout-grid\">\n<figure class=\"wp-block-image size-large\"><a href=\"https:\/\/chraejemusig.ch\/wordpress\/wp-content\/uploads\/2025\/10\/Pascale-Moehl-1.jpeg\"><img loading=\"lazy\" decoding=\"async\" width=\"811\" height=\"1024\" src=\"https:\/\/chraejemusig.ch\/wordpress\/wp-content\/uploads\/2025\/10\/Pascale-Moehl-1-811x1024.jpeg\" alt=\"\" class=\"wp-image-1775\" srcset=\"https:\/\/chraejemusig.ch\/wordpress\/wp-content\/uploads\/2025\/10\/Pascale-Moehl-1-811x1024.jpeg 811w, https:\/\/chraejemusig.ch\/wordpress\/wp-content\/uploads\/2025\/10\/Pascale-Moehl-1-238x300.jpeg 238w, https:\/\/chraejemusig.ch\/wordpress\/wp-content\/uploads\/2025\/10\/Pascale-Moehl-1-768x970.jpeg 768w, https:\/\/chraejemusig.ch\/wordpress\/wp-content\/uploads\/2025\/10\/Pascale-Moehl-1-520x657.jpeg 520w, https:\/\/chraejemusig.ch\/wordpress\/wp-content\/uploads\/2025\/10\/Pascale-Moehl-1-740x935.jpeg 740w, https:\/\/chraejemusig.ch\/wordpress\/wp-content\/uploads\/2025\/10\/Pascale-Moehl-1.jpeg 950w\" sizes=\"auto, (max-width: 811px) 100vw, 811px\" \/><\/a><\/figure>\n\n\n\n<figure class=\"wp-block-image size-large\"><a href=\"https:\/\/chraejemusig.ch\/wordpress\/wp-content\/uploads\/2025\/10\/Rahel-Eicher-1.jpeg\"><img loading=\"lazy\" decoding=\"async\" width=\"811\" height=\"1024\" src=\"https:\/\/chraejemusig.ch\/wordpress\/wp-content\/uploads\/2025\/10\/Rahel-Eicher-1-811x1024.jpeg\" alt=\"\" class=\"wp-image-1820\" srcset=\"https:\/\/chraejemusig.ch\/wordpress\/wp-content\/uploads\/2025\/10\/Rahel-Eicher-1-811x1024.jpeg 811w, https:\/\/chraejemusig.ch\/wordpress\/wp-content\/uploads\/2025\/10\/Rahel-Eicher-1-238x300.jpeg 238w, https:\/\/chraejemusig.ch\/wordpress\/wp-content\/uploads\/2025\/10\/Rahel-Eicher-1-768x970.jpeg 768w, https:\/\/chraejemusig.ch\/wordpress\/wp-content\/uploads\/2025\/10\/Rahel-Eicher-1-520x657.jpeg 520w, https:\/\/chraejemusig.ch\/wordpress\/wp-content\/uploads\/2025\/10\/Rahel-Eicher-1-740x935.jpeg 740w, https:\/\/chraejemusig.ch\/wordpress\/wp-content\/uploads\/2025\/10\/Rahel-Eicher-1.jpeg 950w\" sizes=\"auto, (max-width: 811px) 100vw, 811px\" \/><\/a><\/figure>\n\n\n\n<figure class=\"wp-block-image size-large\"><a href=\"https:\/\/chraejemusig.ch\/wordpress\/wp-content\/uploads\/2025\/10\/Olivia-Kaiser-1.jpeg\"><img loading=\"lazy\" decoding=\"async\" width=\"811\" height=\"1024\" src=\"https:\/\/chraejemusig.ch\/wordpress\/wp-content\/uploads\/2025\/10\/Olivia-Kaiser-1-811x1024.jpeg\" alt=\"\" class=\"wp-image-1821\" srcset=\"https:\/\/chraejemusig.ch\/wordpress\/wp-content\/uploads\/2025\/10\/Olivia-Kaiser-1-811x1024.jpeg 811w, https:\/\/chraejemusig.ch\/wordpress\/wp-content\/uploads\/2025\/10\/Olivia-Kaiser-1-238x300.jpeg 238w, https:\/\/chraejemusig.ch\/wordpress\/wp-content\/uploads\/2025\/10\/Olivia-Kaiser-1-768x970.jpeg 768w, https:\/\/chraejemusig.ch\/wordpress\/wp-content\/uploads\/2025\/10\/Olivia-Kaiser-1-520x657.jpeg 520w, https:\/\/chraejemusig.ch\/wordpress\/wp-content\/uploads\/2025\/10\/Olivia-Kaiser-1-740x935.jpeg 740w, https:\/\/chraejemusig.ch\/wordpress\/wp-content\/uploads\/2025\/10\/Olivia-Kaiser-1.jpeg 950w\" sizes=\"auto, (max-width: 811px) 100vw, 811px\" \/><\/a><\/figure>\n\n\n\n<figure class=\"wp-block-image size-full\"><a href=\"https:\/\/chraejemusig.ch\/wordpress\/wp-content\/uploads\/2025\/10\/Anja-Haas.jpeg\"><img loading=\"lazy\" decoding=\"async\" width=\"950\" height=\"1200\" src=\"https:\/\/chraejemusig.ch\/wordpress\/wp-content\/uploads\/2025\/10\/Anja-Haas.jpeg\" alt=\"\" class=\"wp-image-1833\" srcset=\"https:\/\/chraejemusig.ch\/wordpress\/wp-content\/uploads\/2025\/10\/Anja-Haas.jpeg 950w, https:\/\/chraejemusig.ch\/wordpress\/wp-content\/uploads\/2025\/10\/Anja-Haas-238x300.jpeg 238w, https:\/\/chraejemusig.ch\/wordpress\/wp-content\/uploads\/2025\/10\/Anja-Haas-811x1024.jpeg 811w, https:\/\/chraejemusig.ch\/wordpress\/wp-content\/uploads\/2025\/10\/Anja-Haas-768x970.jpeg 768w, https:\/\/chraejemusig.ch\/wordpress\/wp-content\/uploads\/2025\/10\/Anja-Haas-520x657.jpeg 520w, https:\/\/chraejemusig.ch\/wordpress\/wp-content\/uploads\/2025\/10\/Anja-Haas-740x935.jpeg 740w\" sizes=\"auto, (max-width: 950px) 100vw, 950px\" \/><\/a><\/figure>\n<\/div>\n<\/div><\/div>\n\n\n\n<div class=\"wp-block-group is-layout-grid wp-container-core-group-is-layout-4d858cb8 wp-block-group-is-layout-grid\">\n<p>Pr\u00e4sidentin<br>Pascale M\u00f6hl<br><a href=\"mailto:praesident@chraejemusig.ch\">Mail<\/a><\/p>\n\n\n\n<p class=\"wp-container-content-e269605d\">Tourchefin<br>Rahel Eicher<br><a href=\"mailto:info@chraejemusig.ch\">Mail<\/a><\/p>\n\n\n\n<p class=\"wp-container-content-e269605d\">Tampi<br>Olivia Kaiser<br><a href=\"mailto:tampi@chraejemusig.ch\">Mail<\/a><\/p>\n\n\n\n<p class=\"wp-container-content-e269605d\">Aktuarin<br>Anja Haas<br><\/p>\n<\/div>\n\n\n\n<div class=\"wp-block-group is-layout-grid wp-container-core-group-is-layout-4d858cb8 wp-block-group-is-layout-grid\">\n<figure class=\"wp-block-image size-full\"><a href=\"https:\/\/chraejemusig.ch\/wordpress\/wp-content\/uploads\/2026\/01\/WhatsApp-Image-2026-01-06-at-08.17.51-1.jpeg\"><img loading=\"lazy\" decoding=\"async\" width=\"950\" height=\"1200\" src=\"https:\/\/chraejemusig.ch\/wordpress\/wp-content\/uploads\/2026\/01\/WhatsApp-Image-2026-01-06-at-08.17.51-1.jpeg\" alt=\"\" class=\"wp-image-1907\" srcset=\"https:\/\/chraejemusig.ch\/wordpress\/wp-content\/uploads\/2026\/01\/WhatsApp-Image-2026-01-06-at-08.17.51-1.jpeg 950w, https:\/\/chraejemusig.ch\/wordpress\/wp-content\/uploads\/2026\/01\/WhatsApp-Image-2026-01-06-at-08.17.51-1-238x300.jpeg 238w, https:\/\/chraejemusig.ch\/wordpress\/wp-content\/uploads\/2026\/01\/WhatsApp-Image-2026-01-06-at-08.17.51-1-811x1024.jpeg 811w, https:\/\/chraejemusig.ch\/wordpress\/wp-content\/uploads\/2026\/01\/WhatsApp-Image-2026-01-06-at-08.17.51-1-768x970.jpeg 768w, https:\/\/chraejemusig.ch\/wordpress\/wp-content\/uploads\/2026\/01\/WhatsApp-Image-2026-01-06-at-08.17.51-1-520x657.jpeg 520w, https:\/\/chraejemusig.ch\/wordpress\/wp-content\/uploads\/2026\/01\/WhatsApp-Image-2026-01-06-at-08.17.51-1-740x935.jpeg 740w\" sizes=\"auto, (max-width: 950px) 100vw, 950px\" \/><\/a><\/figure>\n\n\n\n<figure class=\"wp-block-image size-large\"><a href=\"https:\/\/chraejemusig.ch\/wordpress\/wp-content\/uploads\/2025\/10\/Matteo-Hofstetter-1.jpeg\"><img loading=\"lazy\" decoding=\"async\" width=\"811\" height=\"1024\" src=\"https:\/\/chraejemusig.ch\/wordpress\/wp-content\/uploads\/2025\/10\/Matteo-Hofstetter-1-811x1024.jpeg\" alt=\"\" class=\"wp-image-1823\" srcset=\"https:\/\/chraejemusig.ch\/wordpress\/wp-content\/uploads\/2025\/10\/Matteo-Hofstetter-1-811x1024.jpeg 811w, https:\/\/chraejemusig.ch\/wordpress\/wp-content\/uploads\/2025\/10\/Matteo-Hofstetter-1-238x300.jpeg 238w, https:\/\/chraejemusig.ch\/wordpress\/wp-content\/uploads\/2025\/10\/Matteo-Hofstetter-1-768x970.jpeg 768w, https:\/\/chraejemusig.ch\/wordpress\/wp-content\/uploads\/2025\/10\/Matteo-Hofstetter-1-520x657.jpeg 520w, https:\/\/chraejemusig.ch\/wordpress\/wp-content\/uploads\/2025\/10\/Matteo-Hofstetter-1-740x935.jpeg 740w, https:\/\/chraejemusig.ch\/wordpress\/wp-content\/uploads\/2025\/10\/Matteo-Hofstetter-1.jpeg 950w\" sizes=\"auto, (max-width: 811px) 100vw, 811px\" \/><\/a><\/figure>\n\n\n\n<figure class=\"wp-block-image size-large\"><a href=\"https:\/\/chraejemusig.ch\/wordpress\/wp-content\/uploads\/2025\/10\/Alina-Stalder.jpeg\"><img loading=\"lazy\" decoding=\"async\" width=\"811\" height=\"1024\" src=\"https:\/\/chraejemusig.ch\/wordpress\/wp-content\/uploads\/2025\/10\/Alina-Stalder-811x1024.jpeg\" alt=\"\" class=\"wp-image-1780\" srcset=\"https:\/\/chraejemusig.ch\/wordpress\/wp-content\/uploads\/2025\/10\/Alina-Stalder-811x1024.jpeg 811w, https:\/\/chraejemusig.ch\/wordpress\/wp-content\/uploads\/2025\/10\/Alina-Stalder-238x300.jpeg 238w, https:\/\/chraejemusig.ch\/wordpress\/wp-content\/uploads\/2025\/10\/Alina-Stalder-768x970.jpeg 768w, https:\/\/chraejemusig.ch\/wordpress\/wp-content\/uploads\/2025\/10\/Alina-Stalder-520x657.jpeg 520w, https:\/\/chraejemusig.ch\/wordpress\/wp-content\/uploads\/2025\/10\/Alina-Stalder-740x935.jpeg 740w, https:\/\/chraejemusig.ch\/wordpress\/wp-content\/uploads\/2025\/10\/Alina-Stalder.jpeg 950w\" sizes=\"auto, (max-width: 811px) 100vw, 811px\" \/><\/a><\/figure>\n<\/div>\n\n\n\n<div class=\"wp-block-group is-layout-grid wp-container-core-group-is-layout-4d858cb8 wp-block-group-is-layout-grid\">\n<p>Materialchef<br>Pascal Koch<\/p>\n\n\n\n<p>Vize Pr\u00e4sident<br>Mateo Hofstetter<\/p>\n\n\n\n<p>Kassierin<br>Alina Stalder<\/p>\n<\/div>\n","protected":false},"excerpt":{"rendered":"<p>Pr\u00e4sidentinPascale M\u00f6hlMail TourchefinRahel EicherMail TampiOlivia KaiserMail AktuarinAnja Haas MaterialchefPascal Koch Vize Pr\u00e4sidentMateo Hofstetter KassierinAlina Stalder<\/p>\n","protected":false},"author":1,"featured_media":0,"parent":0,"menu_order":0,"comment_status":"closed","ping_status":"closed","template":"","meta":{"footnotes":""},"class_list":["post-7","page","type-page","status-publish","hentry"],"_links":{"self":[{"href":"https:\/\/chraejemusig.ch\/index.php?rest_route=\/wp\/v2\/pages\/7","targetHints":{"allow":["GET"]}}],"collection":[{"href":"https:\/\/chraejemusig.ch\/index.php?rest_route=\/wp\/v2\/pages"}],"about":[{"href":"https:\/\/chraejemusig.ch\/index.php?rest_route=\/wp\/v2\/types\/page"}],"author":[{"embeddable":true,"href":"https:\/\/chraejemusig.ch\/index.php?rest_route=\/wp\/v2\/users\/1"}],"replies":[{"embeddable":true,"href":"https:\/\/chraejemusig.ch\/index.php?rest_route=%2Fwp%2Fv2%2Fcomments&post=7"}],"version-history":[{"count":38,"href":"https:\/\/chraejemusig.ch\/index.php?rest_route=\/wp\/v2\/pages\/7\/revisions"}],"predecessor-version":[{"id":1935,"href":"https:\/\/chraejemusig.ch\/index.php?rest_route=\/wp\/v2\/pages\/7\/revisions\/1935"}],"wp:attachment":[{"href":"https:\/\/chraejemusig.ch\/index.php?rest_route=%2Fwp%2Fv2%2Fmedia&parent=7"}],"curies":[{"name":"wp","href":"https:\/\/api.w.org\/{rel}","templated":true}]}}

<div class="wp-block-columns is-layout-flex wp-container-core-columns-is-layout-9d6595d7 wp-block-columns-is-layout-flex">
<div class="wp-block-column is-layout-flow wp-block-column-is-layout-flow"></div>
</div>



<div class="wp-block-group"><div class="wp-block-group__inner-container is-layout-constrained wp-block-group-is-layout-constrained">
<div class="wp-block-group is-layout-grid wp-container-core-group-is-layout-4d858cb8 wp-block-group-is-layout-grid">
<figure class="wp-block-image size-large"><a href="https://chraejemusig.ch/wordpress/wp-content/uploads/2025/10/Pascale-Moehl-1.jpeg"><img loading="lazy" decoding="async" width="811" height="1024" src="https://chraejemusig.ch/wordpress/wp-content/uploads/2025/10/Pascale-Moehl-1-811x1024.jpeg" alt="" class="wp-image-1775" srcset="https://chraejemusig.ch/wordpress/wp-content/uploads/2025/10/Pascale-Moehl-1-811x1024.jpeg 811w, https://chraejemusig.ch/wordpress/wp-content/uploads/2025/10/Pascale-Moehl-1-238x300.jpeg 238w, https://chraejemusig.ch/wordpress/wp-content/uploads/2025/10/Pascale-Moehl-1-768x970.jpeg 768w, https://chraejemusig.ch/wordpress/wp-content/uploads/2025/10/Pascale-Moehl-1-520x657.jpeg 520w, https://chraejemusig.ch/wordpress/wp-content/uploads/2025/10/Pascale-Moehl-1-740x935.jpeg 740w, https://chraejemusig.ch/wordpress/wp-content/uploads/2025/10/Pascale-Moehl-1.jpeg 950w" sizes="auto, (max-width: 811px) 100vw, 811px" /></a></figure>



<figure class="wp-block-image size-large"><a href="https://chraejemusig.ch/wordpress/wp-content/uploads/2025/10/Rahel-Eicher-1.jpeg"><img loading="lazy" decoding="async" width="811" height="1024" src="https://chraejemusig.ch/wordpress/wp-content/uploads/2025/10/Rahel-Eicher-1-811x1024.jpeg" alt="" class="wp-image-1820" srcset="https://chraejemusig.ch/wordpress/wp-content/uploads/2025/10/Rahel-Eicher-1-811x1024.jpeg 811w, https://chraejemusig.ch/wordpress/wp-content/uploads/2025/10/Rahel-Eicher-1-238x300.jpeg 238w, https://chraejemusig.ch/wordpress/wp-content/uploads/2025/10/Rahel-Eicher-1-768x970.jpeg 768w, https://chraejemusig.ch/wordpress/wp-content/uploads/2025/10/Rahel-Eicher-1-520x657.jpeg 520w, https://chraejemusig.ch/wordpress/wp-content/uploads/2025/10/Rahel-Eicher-1-740x935.jpeg 740w, https://chraejemusig.ch/wordpress/wp-content/uploads/2025/10/Rahel-Eicher-1.jpeg 950w" sizes="auto, (max-width: 811px) 100vw, 811px" /></a></figure>



<figure class="wp-block-image size-large"><a href="https://chraejemusig.ch/wordpress/wp-content/uploads/2025/10/Olivia-Kaiser-1.jpeg"><img loading="lazy" decoding="async" width="811" height="1024" src="https://chraejemusig.ch/wordpress/wp-content/uploads/2025/10/Olivia-Kaiser-1-811x1024.jpeg" alt="" class="wp-image-1821" srcset="https://chraejemusig.ch/wordpress/wp-content/uploads/2025/10/Olivia-Kaiser-1-811x1024.jpeg 811w, https://chraejemusig.ch/wordpress/wp-content/uploads/2025/10/Olivia-Kaiser-1-238x300.jpeg 238w, https://chraejemusig.ch/wordpress/wp-content/uploads/2025/10/Olivia-Kaiser-1-768x970.jpeg 768w, https://chraejemusig.ch/wordpress/wp-content/uploads/2025/10/Olivia-Kaiser-1-520x657.jpeg 520w, https://chraejemusig.ch/wordpress/wp-content/uploads/2025/10/Olivia-Kaiser-1-740x935.jpeg 740w, https://chraejemusig.ch/wordpress/wp-content/uploads/2025/10/Olivia-Kaiser-1.jpeg 950w" sizes="auto, (max-width: 811px) 100vw, 811px" /></a></figure>



<figure class="wp-block-image size-full"><a href="https://chraejemusig.ch/wordpress/wp-content/uploads/2025/10/Anja-Haas.jpeg"><img loading="lazy" decoding="async" width="950" height="1200" src="https://chraejemusig.ch/wordpress/wp-content/uploads/2025/10/Anja-Haas.jpeg" alt="" class="wp-image-1833" srcset="https://chraejemusig.ch/wordpress/wp-content/uploads/2025/10/Anja-Haas.jpeg 950w, https://chraejemusig.ch/wordpress/wp-content/uploads/2025/10/Anja-Haas-238x300.jpeg 238w, https://chraejemusig.ch/wordpress/wp-content/uploads/2025/10/Anja-Haas-811x1024.jpeg 811w, https://chraejemusig.ch/wordpress/wp-content/uploads/2025/10/Anja-Haas-768x970.jpeg 768w, https://chraejemusig.ch/wordpress/wp-content/uploads/2025/10/Anja-Haas-520x657.jpeg 520w, https://chraejemusig.ch/wordpress/wp-content/uploads/2025/10/Anja-Haas-740x935.jpeg 740w" sizes="auto, (max-width: 950px) 100vw, 950px" /></a></figure>
</div>
</div></div>



<div class="wp-block-group is-layout-grid wp-container-core-group-is-layout-4d858cb8 wp-block-group-is-layout-grid">
<p>Präsidentin<br>Pascale Möhl<br><a href="mailto:praesident@chraejemusig.ch">Mail</a></p>



<p class="wp-container-content-e269605d">Tourchefin<br>Rahel Eicher<br><a href="mailto:info@chraejemusig.ch">Mail</a></p>



<p class="wp-container-content-e269605d">Tampi<br>Olivia Kaiser<br><a href="mailto:tampi@chraejemusig.ch">Mail</a></p>



<p class="wp-container-content-e269605d">Aktuarin<br>Anja Haas<br></p>
</div>



<div class="wp-block-group is-layout-grid wp-container-core-group-is-layout-4d858cb8 wp-block-group-is-layout-grid">
<figure class="wp-block-image size-full"><a href="https://chraejemusig.ch/wordpress/wp-content/uploads/2026/01/WhatsApp-Image-2026-01-06-at-08.17.51-1.jpeg"><img loading="lazy" decoding="async" width="950" height="1200" src="https://chraejemusig.ch/wordpress/wp-content/uploads/2026/01/WhatsApp-Image-2026-01-06-at-08.17.51-1.jpeg" alt="" class="wp-image-1907" srcset="https://chraejemusig.ch/wordpress/wp-content/uploads/2026/01/WhatsApp-Image-2026-01-06-at-08.17.51-1.jpeg 950w, https://chraejemusig.ch/wordpress/wp-content/uploads/2026/01/WhatsApp-Image-2026-01-06-at-08.17.51-1-238x300.jpeg 238w, https://chraejemusig.ch/wordpress/wp-content/uploads/2026/01/WhatsApp-Image-2026-01-06-at-08.17.51-1-811x1024.jpeg 811w, https://chraejemusig.ch/wordpress/wp-content/uploads/2026/01/WhatsApp-Image-2026-01-06-at-08.17.51-1-768x970.jpeg 768w, https://chraejemusig.ch/wordpress/wp-content/uploads/2026/01/WhatsApp-Image-2026-01-06-at-08.17.51-1-520x657.jpeg 520w, https://chraejemusig.ch/wordpress/wp-content/uploads/2026/01/WhatsApp-Image-2026-01-06-at-08.17.51-1-740x935.jpeg 740w" sizes="auto, (max-width: 950px) 100vw, 950px" /></a></figure>



<figure class="wp-block-image size-large"><a href="https://chraejemusig.ch/wordpress/wp-content/uploads/2025/10/Matteo-Hofstetter-1.jpeg"><img loading="lazy" decoding="async" width="811" height="1024" src="https://chraejemusig.ch/wordpress/wp-content/uploads/2025/10/Matteo-Hofstetter-1-811x1024.jpeg" alt="" class="wp-image-1823" srcset="https://chraejemusig.ch/wordpress/wp-content/uploads/2025/10/Matteo-Hofstetter-1-811x1024.jpeg 811w, https://chraejemusig.ch/wordpress/wp-content/uploads/2025/10/Matteo-Hofstetter-1-238x300.jpeg 238w, https://chraejemusig.ch/wordpress/wp-content/uploads/2025/10/Matteo-Hofstetter-1-768x970.jpeg 768w, https://chraejemusig.ch/wordpress/wp-content/uploads/2025/10/Matteo-Hofstetter-1-520x657.jpeg 520w, https://chraejemusig.ch/wordpress/wp-content/uploads/2025/10/Matteo-Hofstetter-1-740x935.jpeg 740w, https://chraejemusig.ch/wordpress/wp-content/uploads/2025/10/Matteo-Hofstetter-1.jpeg 950w" sizes="auto, (max-width: 811px) 100vw, 811px" /></a></figure>



<figure class="wp-block-image size-large"><a href="https://chraejemusig.ch/wordpress/wp-content/uploads/2025/10/Alina-Stalder.jpeg"><img loading="lazy" decoding="async" width="811" height="1024" src="https://chraejemusig.ch/wordpress/wp-content/uploads/2025/10/Alina-Stalder-811x1024.jpeg" alt="" class="wp-image-1780" srcset="https://chraejemusig.ch/wordpress/wp-content/uploads/2025/10/Alina-Stalder-811x1024.jpeg 811w, https://chraejemusig.ch/wordpress/wp-content/uploads/2025/10/Alina-Stalder-238x300.jpeg 238w, https://chraejemusig.ch/wordpress/wp-content/uploads/2025/10/Alina-Stalder-768x970.jpeg 768w, https://chraejemusig.ch/wordpress/wp-content/uploads/2025/10/Alina-Stalder-520x657.jpeg 520w, https://chraejemusig.ch/wordpress/wp-content/uploads/2025/10/Alina-Stalder-740x935.jpeg 740w, https://chraejemusig.ch/wordpress/wp-content/uploads/2025/10/Alina-Stalder.jpeg 950w" sizes="auto, (max-width: 811px) 100vw, 811px" /></a></figure>
</div>



<div class="wp-block-group is-layout-grid wp-container-core-group-is-layout-4d858cb8 wp-block-group-is-layout-grid">
<p>Materialchef<br>Pascal Koch</p>



<p>Vize Präsident<br>Mateo Hofstetter</p>



<p>Kassierin<br>Alina Stalder</p>
</div>

<p>PräsidentinPascale MöhlMail TourchefinRahel EicherMail TampiOlivia KaiserMail AktuarinAnja Haas MaterialchefPascal Koch Vize PräsidentMateo Hofstetter KassierinAlina Stalder</p>
